+ 631. Determine k(-1).
-492
Let r(v) = -v**2 - 433*v - 23314. What is r(-63)?
-4
Let y(t) = 14*t**2 + 66*t + 50. Determine y(-4).
10
Let y(s) = -3*s**2 + 2704*s - 16140. Calculate y(6).
-24
Let y(r) = -r**3 + 151*r**2 + 6959*r + 107. Calculate y(-37).
-4
Let v(c) = -10926*c + 251303. Give v(23).
5
Let c(y) = -494*y - 269198. Determine c(-545).
32
Let m(g) = -16*g**2 + 686*g - 7192. Determine m(18).
-28
Let b(z) = 112216*z - 5498583. Give b(49).
1
Let l(v) = -13*v**3 - 998*v**2 - 138*v - 28323. Determine l(-77).
90
Let v(t) = 26945*t + 404184. Determine v(-15).
9
Let b(r) = -r**3 + 630*r**2 + 1252*r - 22. Determine b(-2).
2
Let a(j) = -3*j**2 - 2898*j + 3685166. Give a(726).
-10
Let w(i) = -4*i**3 + 23*i**2 - 302*i + 1685. Calculate w(6).
-163
Let m(n) = 5740*n - 51651. Calculate m(9).
9
Let y(w) = -40*w**2 - 160*w - 67. Determine y(-2).
93
Let n(l) = -l**2 - 19336*l + 270895. Determine n(14).
-5
Let i(q) = q**3 - 156*q**2 - 546*q + 85383. Calculate i(156).
207
Let p(x) = -x**2 + 9812*x + 265647. Give p(-27).
-6
Let j(s) = 4*s**2 + 659*s + 27049. Give j(-86).
-41
Let k(h) = -h**2 + 767*h - 8312. Determine k(11).
4
Let q(f) = -f**3 + 278*f**2 + 1692*f - 199. Give q(-6).
-127
Let o(k) = 1321*k - 338339. Determine o(256).
-163
Let s(z) = 84*z + 6232. Give s(-76).
-152
Let d(c) = 38*c**2 - 11*c + 12. What is d(1)?
39
Let d(n) = 38*n**2 - 262*n - 8. Determine d(-2).
668
Let l(y) = -y**3 + 39*y**2 - 334*y - 7. Determine l(23).
775
Let k(n) = 357*n - 7511. Determine k(21).
-14
Let q(u) = -u**2 - 1004*u + 59413. What is q(56)?
53
Let j(i) = 43*i**2 - 177*i - 24. Calculate j(0).
-24
Let r(w) = 7*w**3 + 148*w**2 + 226*w + 1039. Determine r(-20).
-281
Let j(t) = 1532*t + 861832. What is j(-563)?
-684
Let t(f) = f**3 + 11*f**2 - 478*f + 171. Determine t(-28).
227
Let l(u) = -u**3 + 13*u**2 - 1854*u + 21763. Calculate l(12).
-341
Let z(w) = w**3 - 17*w**2 + 42*w - 778. Give z(17).
-64
Let q(y) = -73347*y - 46355300. Calculate q(-632).
4
Let z(p) = -158*p**3 + 1419*p**2 + 16*p + 13. Give z(9).
-86
Let g(p) = -2660*p - 4412. What is g(-1)?
-1752
Let h(y) = -8*y**2 - 68*y + 1056. What is h(-23)?
-1612
Let l(y) = y**3 + 79*y**2 + 84*y + 1661. Determine l(-78).
1193
Let x(k) = k**2 - 208*k - 308478. Calculate x(669).
-69
Let f(l) = -57*l**2 - 2679*l + 155. Determine f(-48).
-2581
Let p(d) = -51*d**2 + 756*d - 2688. Calculate p(6).
12
Let d(u) = -2*u**3 - 58*u**2 + 329*u - 380. Give d(-34).
-6
Let a(u) = -148*u**2 - 19275*u - 74731. Give a(-4).
1
Let n(k) = -214*k**2 + 1076*k - 63. Determine n(5).
-33
Let t(q) = -4*q**3 - 488*q**2 + 998*q + 634. Determine t(-124).
-110
Let p(q) = -93*q**2 - 1266*q - 2932. Determine p(-3).
29
Let n(p) = 4416*p - 30919. Calculate n(7).
-7
Let j(i) = -103*i - 3365. Determine j(-43).
1064
Let f(q) = -1694*q - 45664. Determine f(-27).
74
Let p(q) = -q**3 + 39*q**2 + 29*q + 2170. Give p(41).
-3
Let a(n) = -n**2 + 298*n - 3754. Determine a(16).
758
Let n(w) = -753*w + 908. Calculate n(2).
-598
Let r(d) = 26998*d - 105457. Determine r(4).
2535
Let v(x) = 113*x**3 + 3051*x**2 - 2*x - 54. Give v(-27).
0
Let a(k) = k**3 + 197*k**2 - 223*k - 4864. Give a(-198).
86
Let d(l) = 177*l + 65251. What is d(-367)?
292
Let a(l) = l**3 - 25*l**2 - 148*l + 455. What is a(29)?
-473
Let i(m) = 28*m**2 + 490*m + 527. Give i(-17).
289
Let y(t) = -995*t**3 + 7950*t**2 + 84*t - 21. What is y(8)?
11
Let r(k) = -4345*k - 134813. Calculate r(-31).
-118
Let h(r) = -696*r - 12881. Determine h(-19).
343
Let n(u) = 101*u**3 + 1002*u**2 + 20*u + 38. Give n(-10).
-962
Let o(b) = 12*b**3 - 8*b**2 + 19*b + 39. What is o(-2)?
-127
Let y(m) = 10*m**2 - 6109*m + 11696. Calculate y(609).
125
Let p(z) = 38*z**2 + 328*z + 3. Calculate p(-11).
993
Let b(x) = 5*x**2 + 23136*x - 185190. Determine b(8).
218
Let d(s) = -14*s**2 - 795*s - 4839. Give d(-7).
40
Let a(p) = -26674*p - 3094215. Determine a(-116).
-31
Let l(g) = -19*g**2 + 61*g + 736. Give l(8).
8
Let v(c) = -23*c**3 - 13*c**2 - 72*c + 316. What is v(3)?
-638
Let z(k) = -2*k**2 - 17*k - 69. Give z(-16).
-309
Let m(d) = d**3 + 133*d**2 - 547*d + 245. What is m(-137)?
108
Let j(q) = -q**3 - 120*q**2 + 330*q + 10491. Determine j(-122).
-1
Let v(y) = y**3 + 92*y**2 + 2011*y + 90. Calculate v(-57).
-822
Let f(r) = 38719*r - 9215153. Determine f(238).
-31
Let y(x) = -2133*x**2 - 8526*x + 26. Give y(-4).
2
Let m(h) = -2*h**3 + 14*h**2 + 414*h + 216. Determine m(-11).
18
Let j(l) = -14*l**3 - 7*l**2 + 32*l + 86. Give j(-2).
106
Let l(b) = b**3 - 68*b**2 - 147*b + 427. Give l(70).
-63
Let v(f) = -2*f**3 - 88*f**2 + 969*f - 47275. Calculate v(-59).
-16
Let m(w) = 6*w**3 + 36*w**2 - 1088*w - 2046. What is m(-16)?
2
Let y(s) = s**3 + 9*s**2 + 193*s + 1757. Give y(-9).
20
Let i(x) = -444*x + 55135. What is i(124)?
79
Let c(b) = 244*b**3 - b**2 + 109*b + 111. What is c(-1)?
-243
Let f(w) = -31759*w - 349364. Calculate f(-11).
-15
Let m(d) = d**2 - 164*d - 2109. Give m(176).
3
Let n(a) = 4189*a + 20933. Calculate n(-5).
-12
Let c(q) = 2*q**3 + 17*q**2 - 28*q - 689. Calculate c(-13).
-1846
Let u(f) = 2528*f - 36730. Determine u(15).
1190
Let s(x) = 971591*x - 7772712. Give s(8).
16
Let c(i) = -2*i**3 - 274*i**2 + 6898*i - 15589. Give c(-159).
-7
Let k(p) = -1080*p + 78935. Calculate k(74).
-985
Let j(p) = -p**2 - 149*p - 608. Determine j(-145).
-28
Let t(o) = o**2 + 106*o + 2823. What is t(-47)?
50
Let w(k) = -k**3 + 1301*k**2 - 215671*k + 1103. Calculate w(1106).
-3
Let f(i) = 16749*i + 101741. Determine f(-6).
1247
Let u(p) = -3180*p - 58051. Give u(-18).
-811
Let u(s) = -s**2 + 1205*s - 34014. Give u(29).
90
Let k(s) = 10*s**2 + 693*s + 8404. What is k(-12)?
1528
Let g(o) = 29*o**3 - 961*o**2 - 560*o + 22831. Determine g(33).
-5
Let n(a) = 4*a**2 - 2619*a + 221445. Determine n(555).
0
Let g(i) = -12358*i - 815522. What is g(-66)?
106
Let s(p) = p**2 + 38*p - 4690. What is s(53)?
133
Let p(x) = -2*x**3 - 2*x**2 + 29981*x + 7. Determine p(0).
7
Let n(r) = -r**2 - 111*r - 2359. Calculate n(-31).
121
Let k(b) = 3*b**3 - 75*b**2 - 36*b + 858. Give k(25).
-42
Let u(v) = -2278*v - 407762. Give u(-179).
0
Let z(y) = -y**3 - 66*y**2 - 30*y + 777. Calculate z(-66).
2757
Let c(q) = -985*q**2 - 4977*q - 35. Give c(-5).
225
Let d(h) = -215*h**2 + 43*h + 2. What is d(-2)?
-944
Let a(w) = -w**3 - 23*w**2 + 347*w + 321. Give a(11).
24
Let j(c) = -2*c**3 + 46*c**2 - 3778*c + 91903. Give j(24).
79
Let w(a) = -a**3 - 220*a**2 - 6775*a - 1435756. Determine w(-219).
8
Let n(r) = 10*r**2 + 445*r + 5137. Determine n(-14).
867
Let z(y) = 193*y**2 + 18911*y - 329. Calculate z(-98).
-35
Let t(v) = -10632*v + 21338. What is t(2)?
74
Let w(h) = -49*h**2 - 1751*h - 79. What is w(0)?
-79
Let r(k) = k**3 + 25*k**2 - 246*k + 490. What is r(5)?
10
Let f(n) = -2*n**3 + 870*n**2 + 1787*n - 17044. Calculate f(437).
-1
Let k(i) = -17*i**2 + 7161*i - 506794. What is k(90)?
-4
Let k(o) = -3*o**2 - 54*o + 17131. Calculate k(67).
46
Let f(c) = 2*c**2 + 858*c + 3431. Give f(-4).
31
Let a(k) = k**3 - 179*k**2 + 6515*k - 8384. Determine a(129).
1
Let p(m) = -17642*m + 32143712. Determine p(1822).
-12
Let t(g) = 3274*g + 8119. Determine t(-3).
-1703
Let z(m) = -134362*m + 2284163. Give z(17).
9
Let p(b) = 2462*b + 14698. Determine p(-6).
-74
Let i(k) = -28*k - 4895. Determine i(-185).
285
Let i(l) = -6*l**2 - 7530*l + 15059. Determine i(2).
-25
Let y(q) = 2357*q + 108457. Determine y(-46).
35
Let r(w) = 140*w**2 - 9944*w + 293. Determine r(71).
9
Let y(h) = -3*h**3 + 6*h**2 + 17*h - 17. Give y(6).
-347
Let g(f) = -f**3 + 139*f**2 + 495*f + 10756. What is g(143)?
-255
Let p(y) = 2628*y - 57786. Give p(22).
30
Let z(r) = -6125*r - 159249. Give z(-26).
1
Let q(n) = 979*n + 23495. Determine q(-24).
-1
Let u(t) = -t**3 - 26*t**2 - 69*t + 371. Give u(-22).
-47
Let x(k) = -11*k**2 - 3181*k - 9510. Give x(-3).
-66
Let b(y) = -692*y - 1288. What is b(0)?
-1288
Let w(n) = 105*n**2 + 19530*n + 465. Give w(-186).
465
Let b(o) = 9*o**2 + 3099*o + 1202. Give b(-344).
170
Let l(t) = 14*t**3 - 2099*t**2 - 148*t - 285. Give l(150).
15
Let c(g) = -312*g + 72160. What is c(231)?
88
Let v(d) = 8*d**3 - 333*d**2 + 565*d + 138. What is v(2)?
0
Let z(p) = 11*p**3 - 11*p**2 + 29*p - 55. Calculate z(3).
230
Let s(j) = -95568*j + 286622. Calculate s(3).
-82
Let s(p) = 10376*p - 51834. Determine s